t(b) = 34363*b - 446728. What is t(13)?
-9
Let c(f) = 14*f**2 + 1315*f - 415. Give c(-94).
-321
Let f(m) = m**3 - 10*m**2 + 243*m + 1197. Give f(-4).
1
Let k(d) = 2*d**3 - 33*d**2 + 115*d - 872. Determine k(13).
-560
Let j(i) = -8*i**2 - 330*i - 86. Determine j(-46).
-1834
Let b(p) = -1783*p - 44568. Give b(-25).
7
Let i(o) = -o**3 - 3*o**2 + 873*o + 5134. Determine i(-6).
4
Let o(p) = 6*p**2 - 40609*p + 202936. Calculate o(5).
41
Let r(y) = 39311*y + 2673150. Give r(-68).
2
Let s(o) = 1694*o - 88688. What is s(53)?
1094
Let w(q) = -654995*q + 9824916. Calculate w(15).
-9
Let j(t) = -2*t**2 + 799*t - 15809. Calculate j(21).
88
Let a(v) = 376*v + 3277. Give a(-9).
-107
Let u(z) = 2*z**2 + 136761*z - 1230962. Give u(9).
49
Let g(r) = 15*r + 8. What is g(-9)?
-127
Let k(y) = -9810*y - 1922754. Determine k(-196).
6
Let j(s) = 23*s**2 - 129*s - 455. Give j(8).
-15
Let s(r) = -4689*r + 665817. Calculate s(142).
-21
Let g(c) = -33*c**2 + c - 890. Calculate g(0).
-890
Let w(z) = -30*z**2 + 6412*z + 1343. What is w(214)?
-369
Let h(p) = 8*p**2 - 97*p - 6485. Give h(-23).
-22
Let k(m) = -3*m**2 - 72*m + 3850. Calculate k(26).
-50
Let h(o) = o**2 - 399*o - 10910. Determine h(424).
-310
Let t(m) = 30*m**3 + 36*m**2 + 16*m + 11. What is t(-4)?
-1397
Let c(j) = 34931*j + 1781484. What is c(-51)?
3
Let k(a) = a**3 - 2*a**2 - 20*a - 240. What is k(8)?
-16
Let z(j) = 16*j**2 + 308*j - 3914. Calculate z(-28).
6
Let a(t) = -7*t**2 + 3542*t - 21190. Give a(500).
-190
Let s(v) = -2*v + 1366. Calculate s(-3).
1372
Let b(y) = -422*y**2 - 25317*y - 156. What is b(-60)?
-336
Let k(p) = -13502*p + 756089. Determine k(56).
-23
Let m(f) = -16392*f - 573729. Determine m(-35).
-9
Let n(i) = -i**3 - 14*i**2 - 27*i + 168. Calculate n(-8).
0
Let w(a) = -3*a**3 - 171*a**2 + 373*a + 1114. Give w(-59).
-7
Let m(p) = -210*p + 55903. What is m(266)?
43
Let m(p) = -1703*p - 1095. Determine m(-2).
2311
Let j(q) = 61*q**2 + 9213*q + 561. What is j(-151)?
259
Let v(o) = 515414*o - 2061642. Calculate v(4).
14
Let u(k) = 3*k**3 - 175*k**2 + 1948*k + 1189. Determine u(43).
-101
Let k(w) = -9713*w - 242854. Give k(-25).
-29
Let q(k) = 21837*k + 1135511. Give q(-52).
-13
Let i(p) = 8919*p + 44761. Calculate i(-5).
166
Let v(z) = 48*z + 2385. Give v(-25).
1185
Let l(s) = 4*s**2 + 172*s + 345. Calculate l(-41).
17
Let i(j) = -301*j - 39895. What is i(-135)?
740
Let f(l) = -2*l**3 + 6*l**2 - 21*l - 209. What is f(-3)?
-38
Let u(s) = 4*s**3 - 922*s**2 + 465*s - 1201. What is u(230)?
-51
Let p(g) = 8*g**2 + 24*g - 3. What is p(11)?
1229
Let x(g) = g**3 + 126*g**2 + 836*g + 337. Give x(-119).
-20
Let y(t) = 2*t**2 + 204*t + 427. What is y(-100)?
27
Let q(t) = 2*t**3 + 5*t**2 - 2012*t - 7997. Calculate q(-4).
3
Let s(n) = n**2 - 292*n - 2989. What is s(-10)?
31
Let s(u) = 82*u + 3925. What is s(-53)?
-421
Let v(c) = -2*c**2 - 41762*c + 501430. Calculate v(12).
-2
Let u(c) = -773*c**2 - 6952*c + 101. Calculate u(-9).
56
Let q(b) = -b**3 + 79*b**2 - 1398*b + 2484. Determine q(2).
-4
Let v(k) = k**3 + 70*k**2 - 700*k + 1123. What is v(7)?
-4
Let q(s) = s**2 + 11713*s - 18. What is q(0)?
-18
Let x(g) = 5*g**3 + 72*g**2 - 783*g + 231. Determine x(7).
-7
Let f(t) = -319*t + 52934. Give f(166).
-20
Let w(p) = 22*p**2 - 414*p - 2094. Give w(-5).
526
Let b(t) = -t**3 + 5*t**2 - 26143*t + 156916. Determine b(6).
22
Let t(g) = -96*g**2 - 979*g - 185. Give t(-10).
5
Let t(b) = -2356*b - 58901. Give t(-25).
-1
Let f(d) = -d**3 - 14*d**2 - 18*d - 64. Give f(-13).
1
Let v(x) = -2114*x + 42713. Give v(19).
2547
Let b(v) = 453*v**2 + 72*v + 76. Give b(-1).
457
Let u(w) = -59104*w + 2955198. What is u(50)?
-2
Let r(d) = -3*d**3 - 72*d**2 - 276*d - 6633. What is r(-24)?
-9
Let z(q) = 10*q**3 - 4*q**2 - 16*q + 21. Calculate z(2).
53
Let w(b) = -16*b**3 + 8*b**2 - 34*b - 8. Calculate w(3).
-470
Let m(z) = -z**3 + 17*z**2 + 801*z - 97. Determine m(38).
17
Let m(v) = 18722*v + 94767. Give m(-5).
1157
Let u(v) = 7*v**3 - 1497*v**2 - 206*v - 1720. Calculate u(214).
-8
Let n(v) = -v**2 - 546*v + 11907. Calculate n(21).
0
Let l(h) = 13*h**2 - 1089*h + 8804. Give l(8).
924
Let c(n) = 4*n**2 - 26*n - 1664. Give c(-26).
1716
Let i(w) = -w**3 - 655*w**2 + 4597*w + 276. What is i(7)?
17
Let p(j) = -946*j**2 - 20836*j - 518. Give p(-22).
10
Let d(p) = -p**2 + 3051865*p + 12207474. Determine d(-4).
-2
Let q(z) = -z**3 + 13*z**2 - 83*z + 1472. What is q(16)?
-624
Let f(u) = -6*u**2 + 202*u - 500. Calculate f(31).
-4
Let t(w) = -10*w + 1125. Determine t(-9).
1215
Let d(t) = -t**3 - 57*t**2 - 199*t - 373. Determine d(-53).
-1062
Let s(i) = 2*i**2 + 1705*i - 1161758. Give s(447).
-5
Let b(s) = -s**3 + 465*s**2 - 438*s - 12050. Calculate b(464).
14
Let f(g) = -g**2 + 17798*g + 1430183. Give f(-80).
-57
Let m(p) = -p**3 - 546*p**2 - 1616*p + 7075. Give m(-543).
16
Let z(v) = -514404*v - 2057608. Give z(-4).
8
Let k(s) = s**3 - 74*s**2 + 524*s + 29. Determine k(66).
-235
Let h(v) = 1456*v - 24706. Determine h(17).
46
Let w(j) = -8*j**2 + 1249*j - 2461. What is w(2)?
5
Let g(x) = 6*x**2 + 2595*x - 110321. Calculate g(39).
10
Let p(w) = 5*w**3 - 62*w**2 - 666*w + 8287. Determine p(12).
7
Let s(b) = 16*b**3 - 3243*b**2 - 1013*b - 433. Give s(203).
-27
Let j(f) = -2371*f + 1168896. Determine j(493).
-7
Let s(i) = 62*i**2 - 935*i + 2782. Calculate s(11).
-1
Let n(h) = 400*h - 39165. Determine n(97).
-365
Let j(x) = -8033*x - 3807679. What is j(-474)?
-37
Let j(i) = -i**3 + 145*i**2 + 298*i - 631. Determine j(147).
-43
Let z(c) = -409*c + 64920. What is z(159)?
-111
Let j(t) = -4*t**2 - 1204*t + 8627. Give j(-308).
3
Let s(m) = 38*m**2 - 428*m + 1410. Give s(6).
210
Let a(d) = -2*d**3 - 54*d**2 + 27*d - 80. Calculate a(-28).
732
Let b(p) = -p**3 - 84*p**2 - 245*p - 166. What is b(-81)?
-4
Let u(o) = -5*o**3 - o**2 - 17*o + 4. What is u(0)?
4
Let g(s) = -103464*s + 620816. Calculate g(6).
32
Let a(j) = -3124*j - 46639. Give a(-15).
221
Let u(a) = -35*a**2 + 121*a + 1050. What is u(-6)?
-936
Let x(r) = -808*r**3 + 1616*r**2 + 49*r - 101. Determine x(2).
-3
Let d(o) = 238934*o + 2150411. Give d(-9).
5
Let q(m) = -529*m + 32270. Give q(61).
1
Let r(o) = -2302*o**2 + 6324*o - 6324. What is r(1)?
-2302
Let d(n) = n**3 - 11*n**2 - 11*n - 21. What is d(-8)?
-1149
Let n(j) = 5*j**3 + 725*j**2 + 19*j + 2386. Calculate n(-145).
-369
Let n(u) = 50*u**2 + 1593*u - 348. What is n(-32)?
-124
Let g(q) = q**3 - 394*q**2 - 553*q + 62481. What is g(395)?
71
Let m(s) = 1027*s - 68774. Determine m(67).
35
Let p(f) = -f**2 + 488*f + 299285. Calculate p(-355).
20
Let r(a) = a**3 - 385*a**2 + 35502*a - 1412. Give r(232).
-20
Let w(n) = -2*n**3 + 100*n**2 + 549*n + 84. What is w(55)?
29
Let r(a) = -40*a**3 - 8747*a**2 + 2850*a + 650. What is r(-219)?
-7
Let f(s) = -s**3 - 75*s**2 - 1410*s - 98852. What is f(-74)?
12
Let u(o) = 72*o - 4984. Calculate u(57).
-880
Let u(o) = -415*o + 34655. Calculate u(83).
210
Let g(u) = u**3 + 6*u**2 - 15559*u - 93362. Calculate g(-6).
-8
Let g(l) = -335*l - 73957. Give g(-221).
78
Let h(v) = v**3 - 72*v**2 + 1212*v + 122. Determine h(45).
-13
Let f(t) = t**3 - 68*t**2 - 2*t - 161. Give f(0).
-161
Let q(x) = -28920*x**2 - 8762756*x + 1206. What is q(-303)?
-6
Let x(p) = 104*p**2 - 96*p - 15. Determine x(-1).
185
Let z(h) = 163*h - 3156. Give z(10).
-1526
Let f(r) = -154*r**3 + 12*r**2 - 20*r - 5. Calculate f(2).
-1229
Let v(m) = -4*m**2 + 1849*m - 11388. Determine v(456).
12
Let u(f) = -3249*f - 1133906. What is u(-349)?
-5
Let r(m) = -16*m**2 + 622*m - 5634. Calculate r(24).
78
Let u(r) = 148751*r + 297501. What is u(-2)?
-1
Let w(t) = 3*t**2 + 148*t + 1065. Give w(-9).
-24
Let d(t) = 219545*t + 439220. Calculate d(-2).
130
Let y(q) = -4*q**3 + 31*q**2 + 1446*q - 10258. Calculate y(7).
11
Let u(y) = -33*y**3 + 200*y**2 - 19*y + 23. Give u(6).
-19
Let t(d) = 1140*d - 2793. Determine t(4).
1767
Let p(d) = -3*d**3 - 125*d**2 + 9223*d + 1831. Give p(-80).
-9
Let x(f) = f**3 + 360*f**2 - 3679*f - 216. Determine x(10).
-6
Let q(u) = -u**3 + 819*u**2 - 1633*u - 873. What is q(817)?
-56
Let w(y) = -1359*y - 478328. Determine w(-352).
40
Let t(n) = 338*n + 49906. Determine t(-144).
1234
Let g(x) = -5*x**3 - 46*x**2 - 455*x - 3091. Give g(-7).
-445
Let j(z) = 4*z**3 + 4*z**2 + 375*z + 1456. Calculate j(-4).
-236
Let q(j) = -13*j**3 + 4531